he tens digit of 1796091?
9
What is the ten thousands digit of 1584565?
8
What is the tens digit of 42780?
8
What is the hundreds digit of 103868?
8
What is the ten millions digit of 25119452?
2
What is the ten thousands digit of 606340?
0
What is the millions digit of 3787211?
3
What is the hundred thousands digit of 19084317?
0
What is the hundreds digit of 9147151?
1
What is the millions digit of 5622839?
5
What is the ten thousands digit of 125062?
2
What is the tens digit of 370477?
7
What is the ten thousands digit of 3072399?
7
What is the units digit of 23196247?
7
What is the thousands digit of 165054?
5
What is the thousands digit of 1232539?
2
What is the millions digit of 1688883?
1
What is the millions digit of 6636984?
6
What is the units digit of 202868?
8
What is the tens digit of 1165351?
5
What is the ten thousands digit of 2289320?
8
What is the hundred thousands digit of 2812284?
8
What is the tens digit of 106280?
8
What is the hundred thousands digit of 306881?
3
What is the thousands digit of 22198?
2
What is the ten thousands digit of 1448041?
4
What is the tens digit of 434225?
2
What is the ten thousands digit of 476072?
7
What is the ten thousands digit of 174288?
7
What is the units digit of 1526032?
2
What is the hundred thousands digit of 4750801?
7
What is the tens digit of 2590048?
4
What is the hundreds digit of 1796751?
7
What is the tens digit of 1412477?
7
What is the units digit of 145851?
1
What is the hundred thousands digit of 346601?
3
What is the units digit of 80629?
9
What is the tens digit of 10177741?
4
What is the thousands digit of 7344602?
4
What is the units digit of 856929?
9
What is the hundred thousands digit of 5655809?
6
What is the thousands digit of 2079422?
9
What is the units digit of 579452?
2
What is the millions digit of 3067537?
3
What is the hundred thousands digit of 425067?
4
What is the hundreds digit of 207299?
2
What is the hundreds digit of 303995?
9
What is the ten thousands digit of 26416?
2
What is the ten thousands digit of 2173572?
7
What is the thousands digit of 18301587?
1
What is the units digit of 512999?
9
What is the tens digit of 6267611?
1
What is the thousands digit of 6354743?
4
What is the units digit of 15363003?
3
What is the thousands digit of 7014844?
4
What is the millions digit of 8021190?
8
What is the hundred thousands digit of 171250?
1
What is the thousands digit of 968542?
8
What is the units digit of 338748?
8
What is the tens digit of 642948?
4
What is the tens digit of 194468?
6
What is the units digit of 20019310?
0
What is the ten thousands digit of 3476957?
7
What is the thousands digit of 376804?
6
What is the units digit of 4976761?
1
What is the ten millions digit of 12350182?
1
What is the thousands digit of 841518?
1
What is the tens digit of 152796?
9
What is the millions digit of 13438555?
3
What is the hundreds digit of 7580102?
1
What is the hundred thousands digit of 3644879?
6
What is the thousands digit of 26121933?
1
What is the tens digit of 6246065?
6
What is the hundred thousands digit of 844782?
8
What is the units digit of 23691?
1
What is the units digit of 1650245?
5
What is the hundreds digit of 286042?
0
What is the thousands digit of 1050572?
0
What is the ten thousands digit of 60936?
6
What is the tens digit of 8138065?
6
What is the millions digit of 20961633?
0
What is the millions digit of 12112117?
2
What is the thousands digit of 33038?
3
What is the thousands digit of 6538304?
8
What is the millions digit of 4744313?
4
What is the millions digit of 1942458?
1
What is the millions digit of 9131091?
9
What is the ten millions digit of 18145192?
1
What is the hundreds digit of 12934612?
6
What is the tens digit of 1511766?
6
What is the hundreds digit of 275646?
6
What is the hundred thousands digit of 1142572?
1
What is the millions digit of 6392987?
6
What is the hundreds digit of 477174?
1
What is the hundreds digit of 195564?
5
What is the hundreds digit of 139740?
7
What is the ten thousands digit of 6932072?
3
What is the hundreds digit of 13929435?
4
What is the hundred thousands digit of 7503634?
5
What is the ten thousands digit of 33690?
3
What is the tens digit of 3627397?
9
What is the hundred thousands digit of 1433470?
4
What is the hundreds digit of 195664?
6
What is the ten thousands digit of 508337?
0
What is the tens digit of 974338?
3
What is the thousands digit of 648224?
8
What is the tens digit of 1222074?
7
What is the hundreds digit of 2444776?
7
What is the ten thousands digit of 132985?
3
What is the ten thousands digit of 967522?
6
What is the hundred thousands digit of 37648344?
6
What is the thousands digit of 5847089?
7
What is the units digit of 450778?
8
What is the thousands digit of 105814?
5
What is the ten thousands digit of 4716908?
1
What is the thousands digit of 230979?
0
What is the tens digit of 11048433?
3
What is the units digit of 4587601?
1
What is the units digit of 34428?
8
What is the ten millions digit of 29826705?
2
What is the hundreds digit of 5831668?
6
What is the millions digit of 2590887?
2
What is the hundreds digit of 27858?
8
What is the tens digit of 938890?
9
What is the hundred thousands digit of 238140?
2
What is the hundreds digit of 72883?
8
What is the ten thousands digit of 3059755?
5
What is the ten millions digit of 15556533?
1
What is the hundreds digit of 195397?
3
What is the hundred thousands digit of 590796?
5
What is the thousands digit of 185868?
5
What is the tens digit of 779382?
8
What is the hundreds digit of 8425623?
6
What is the hundred thousands digit of 100585?
1
What is the hundred thousands digit of 5856679?
8
What is the tens digit of 809996?
9
What is the tens digit of 6591049?
4
What is the thousands digit of 1455886?
5
What is the hundreds digit of 5162801?
8
What is the tens digit of 6440566?
6
What is the hundreds digit of 11666747?
7
What is the thousands digit of 226206?
6
What is the units digit of 2549171?
1
What is the thousands digit of 517261?
7
What is the thousands digit of 89051?
9
What is the units digit of 447625?
5
What is the hundred thousands digit of 515548?
5
What is the tens digit of 842133?
3
What is the hundred thousands digit of 17548012?
5
What is the hundred thousands digit of 430112?
4
What is the thousands digit of 1461609?
1
What is the thousands digit of 114500?
4
What is the hundred thousands digit of 207151?
2
What is the tens digit of 1364763?
6
What is the units digit of 9040?
0
What is the units digit of 13929036?
6
What is the hundreds digit of 7607359?
3
What is the tens digit of 2405134?
3
What is the thousands digit of 6401759?
1
What is the units digit of 2193104?
4
What is the thousands digit of 2422155?
2
What is the units digit of 983949?
9
What is the units digit of 3035765?
5
What is the tens digit of 1015714?
1
What is the hundreds digit of 3944889?
8
What is the tens digit of 46948?
4
What is the millions digit of 9978410?
9
What is the tens digit of 17433944?
4
What is the units digit of 9796395?
5
What is the units digit of 681368?
8
What is the hundreds digit of 668767?
7
What is the tens digit of 550083?
8
What is the units digit of 6960690?
0
What is the hundred thousands digit of 550120?
5
What is the units digit of 230111?
1
What is the units digit of 242395?
5
What is the units digit of 66148?
8
What is the hundred thousands digit of 579981?
5
What is the tens digit of 5504839?
3
What is the tens digit of 277412?
1
What is the hundred thousands digit of 553817?
5
What is the tens digit of 223340?
4
What is the tens digit of 468845?
4
What is the tens digit of 127840?
4
What is the tens digit of 173949?
4
What is the thousands digit of 120987?
0
What is the ten thousands digit of 25375745?
7
What is the hundred thousands digit of 1327462?
3
What is the tens digit of 1844368?
6
What is the hundreds digit of 27181101?
1
What is the units digit of 165318?
8
What is the millions digit of 1760267?
1
What is the hundreds digit of 1507395?
3
What is the hundred thousands digit of 2502544?
5
What is the ten thousands digit of 65149?
6
What is the ten thousands digit of 135843?
3
What is the hundred thousands digit of 206259?
2
What is the ten thousands digit of 207393?
0
Wha